{"id":1282,"date":"2024-01-07T11:39:23","date_gmt":"2024-01-07T09:39:23","guid":{"rendered":"https:\/\/www.textix.net\/?page_id=1282"},"modified":"2024-01-10T18:11:58","modified_gmt":"2024-01-10T16:11:58","slug":"kolumnit","status":"publish","type":"page","link":"https:\/\/www.textix.net\/?page_id=1282","title":{"rendered":"KOLUMNIT"},"content":{"rendered":"\n<p><em>Vanha toimittaja kirjoittaa t\u00e4st\u00e4 el\u00e4m\u00e4st\u00e4 mottonaan Niin kauan kuin el\u00e4n, el\u00e4n!<\/em>                                   <em>Uusin kolumni ensin<\/em>.<\/p>\n\n\n\n<p><\/p>\n\n\n\n<p><\/p>\n\n\n\n<h1 class=\"wp-block-heading has-vivid-green-cyan-color has-text-color has-link-color wp-elements-8ebb5375689641bfaf4056a30356f376\">MINUN TIENI<\/h1>\n\n\n\n<p><em>10.1.2024<\/em><\/p>\n\n\n\n<p>Jokaisella kirjoittajalla on tiens\u00e4. Voisin varmaankin kirjoittaa suuria historiallisia romaaneja tai sukukronikoita mutta kun ei kirjoita. Kirjoitan kirjoja, joita itsekin haluan lukea.<\/p>\n\n\n\n<p>Joskus tuntuu, ett\u00e4 el\u00e4m\u00e4 ei suju niin kuin haluaisi. Ennen kiukuttelin ja kiroilin mutta nyt kun haluan tulla hyv\u00e4lle p\u00e4\u00e4lle, luen jonkin kirjani lopun. \u00c4lk\u00e4\u00e4 te kuitenkaan tehk\u00f6 niin vaan aloittakaa ensin alusta!<br>Voi olla, ett\u00e4 kukaan muu ei tykk\u00e4\u00e4 kirjoistani, eik\u00e4 edes lue niit\u00e4. Mutta so what, minulle tuottavat iloa. Vapaassa maassa jokainen saa lukea mit\u00e4 haluaa.<\/p>\n\n\n\n<p>Saattaa olla, ett\u00e4 kirjoitan viel\u00e4 joskus laihdutuskirjan, se voisi olla menestys, koska monihan tiet\u00e4\u00e4 millainen olen ollut. <\/p>\n\n\n\n<p>Rovasti Ari Suutarla antoi minulle kauan kauan sitten amerikkalaisen viskipullon sanoen, ett\u00e4 h\u00e4n antaa t\u00e4m\u00e4n nyt sinulle, kun h\u00e4n on s\u00e4ilytt\u00e4nyt sit\u00e4 jo 20 vuotta.<\/p>\n\n\n\n<p>Nyt tuo samainen pullo on ollut minullakin jo 20 vuotta, mutta viel\u00e4 en ole keksinyt kenelle sen antaisin.<br>Muistan Aria l\u00e4mm\u00f6ll\u00e4. H\u00e4nh\u00e4n k\u00e4ytti viime vuosinaan allekirjoitusta vanha pappi. Min\u00e4kin olen ruvennut kutsumaan itse\u00e4ni vanhaksi toimittajaksi.<\/p>\n\n\n\n<p>Muutamat kirjani tuntuvat mielikuvituksen tuotteilta, toiset taas ovat enemm\u00e4n totta kuin pit\u00e4isi. J\u00e4t\u00e4n arvioitavaksi, mitk\u00e4 ovat mit\u00e4kin. En voi viel\u00e4k\u00e4\u00e4n luvata, ett\u00e4 kirjoittaisin monenkymmenen sivun kuvauksen y\u00f6llisest\u00e4 ulkovessassa k\u00e4ynnist\u00e4 tai perehtyisin tarmokkaasti sukuni menneisyyteen.<br>En voi itselleni mit\u00e4\u00e4n.<\/p>\n\n\n\n<p>Aion kirjoittaa jatkoa itseoppineen poliisikoira Natson el\u00e4m\u00e4st\u00e4. Rupean tekem\u00e4\u00e4n my\u00f6s pieni\u00e4 videoklippej\u00e4, kunhan saan jostakin lainaan saksanpaimenkoiran. Siin\u00e4 me sitten istumme videolla, min\u00e4 esit\u00e4n kirjailija Pentti Halmetta ja koira esitt\u00e4\u00e4 poliisikoira Natsoa.<br>Jo pelkk\u00e4 ajatus saa minut hymyilem\u00e4\u00e4n. Jesh! Purraan niit\u00e4!<\/p>\n\n\n\n<p><\/p>\n\n\n\n<p><\/p>\n\n\n\n<h1 class=\"wp-block-heading has-vivid-green-cyan-color has-text-color has-link-color wp-elements-e339b2b166f0f95ee04a3111e8bf621b\">IHAN TAVALLINEN MIES<\/h1>\n\n\n\n<p><em>8.1.2024<\/em><\/p>\n\n\n\n<p><em>Opiksi ja ojennukseksi!<\/em><\/p>\n\n\n\n<p><em>Minulta on joskus kysytty, l\u00f6ytyyk\u00f6 tietojani Wikipediasta ja jos ei l\u00f6ydy, miksei l\u00f6ydy. Niinp\u00e4 laadin tarkan esittelyn itsest\u00e4ni ja laitan sen nyt teille luettavaksi.<\/em><\/p>\n\n\n\n<figure class=\"wp-block-image size-medium is-resized\"><a href=\"https:\/\/www.textix.net\/wpv3\/wp-content\/uploads\/2024\/01\/Ali-Kinnunen-Espoossa.jpg\"><img loading=\"lazy\" decoding=\"async\" width=\"300\" height=\"197\" src=\"https:\/\/www.textix.net\/wpv3\/wp-content\/uploads\/2024\/01\/Ali-Kinnunen-Espoossa-300x197.jpg\" alt=\"\" class=\"wp-image-1344\" style=\"width:274px;height:auto\" srcset=\"https:\/\/www.textix.net\/wpv3\/wp-content\/uploads\/2024\/01\/Ali-Kinnunen-Espoossa-300x197.jpg 300w, https:\/\/www.textix.net\/wpv3\/wp-content\/uploads\/2024\/01\/Ali-Kinnunen-Espoossa-1024x671.jpg 1024w, https:\/\/www.textix.net\/wpv3\/wp-content\/uploads\/2024\/01\/Ali-Kinnunen-Espoossa-768x503.jpg 768w, https:\/\/www.textix.net\/wpv3\/wp-content\/uploads\/2024\/01\/Ali-Kinnunen-Espoossa-1536x1007.jpg 1536w, https:\/\/www.textix.net\/wpv3\/wp-content\/uploads\/2024\/01\/Ali-Kinnunen-Espoossa.jpg 1802w\" sizes=\"auto, (max-width: 300px) 100vw, 300px\" \/><\/a><figcaption class=\"wp-element-caption\"><em>Ali ty\u00f6huoneessaan<\/em>.<\/figcaption><\/figure>\n\n\n\n<p><strong>Ali Kinnunen<\/strong> (oikealta nimelt\u00e4\u00e4n Rauno Tapio Kinnunen, s. Kannonkoskella 19.9.1949) on suomalainen toimittaja, keksij\u00e4, yritt\u00e4j\u00e4, taittaja, valokuvaaja ja kirjoittaja, joka on tehnyt pitk\u00e4n uran aikakauslehtimiehen\u00e4. H\u00e4n on el\u00e4kkeell\u00e4 kirjoittanut yli kymmenen kirjaa eri nimill\u00e4. Kirjoittaminen ja lehtiura jatkuvat.<\/p>\n\n\n\n<p><strong>Ty\u00f6ura<\/strong><\/p>\n\n\n\n<p>Ali Kinnunen (Rauno Kinnunen) p\u00e4\u00e4si ylioppilaaksi Saarij\u00e4rven yhteiskoulusta 1970. H\u00e4n on opiskellut Maatalous-mets\u00e4tieteellisess\u00e4 tiedekunnassa agronomilinjalla ja opiskellut monia satunnaisia aineita. Aikakauslehtien houkutus k\u00e4vi kuitenkin liian suureksi ja h\u00e4n p\u00e4\u00e4tyi ty\u00f6el\u00e4m\u00e4\u00e4n 21-vuotiaana.<\/p>\n\n\n\n<p><strong>Yksityisel\u00e4m\u00e4<\/strong><\/p>\n\n\n\n<p>Asunut yhdess\u00e4 ainoan vaimonsa kanssa vuodesta 1970, mennyt naimisiin 1978, yksi aikuinen poika.<\/p>\n\n\n\n<p><strong>Lehdet<\/strong><\/p>\n\n\n\n<p>Ali Kinnunen kutsuu itse\u00e4\u00e4n aikakauslehtimieheksi ja vanhaksi toimittajaksi. H\u00e4n on ty\u00f6skennellyt monissa lehdiss\u00e4 ja kirjoittanut l\u00e4hes kaikkiin suomalaisiin aikakauslehtiin.<\/p>\n\n\n\n<ul class=\"wp-block-list\">\n<li>Annan kes\u00e4toimittaja, 1970<\/li>\n\n\n\n<li>Kotipostin toimittaja, 1970 \u2013 1978<\/li>\n\n\n\n<li>Kauneus ja terveys -lehden toimittaja, 1978 \u2013 1981<\/li>\n\n\n\n<li>Katso-lehden toimitusp\u00e4\u00e4llikk\u00f6, 1982 \u2013 1983<\/li>\n\n\n\n<li>Freelancer-kirjoittaja, valokuvaaja ja taittaja, 1984 \u2013<\/li>\n\n\n\n<li>Kajastuksen toimittaja, 2005 \u2013 2024<\/li>\n\n\n\n<li>Valjaissa-lehden toimittaja, 2007 \u2013<\/li>\n\n\n\n<li>Opaskoiravuosikirjan taittaja, 2005 \u2013 2017 ja 2020 ja 2022 \u2013<\/li>\n\n\n\n<li>Opaskoiran Joulun taittaja, 2012 \u2013<\/li>\n\n\n\n<li>Kirjan Yst\u00e4v\u00e4t -lehden p\u00e4\u00e4toimittaja, 2022 \u2013<\/li>\n<\/ul>\n\n\n\n<p>Ali Kinnunen on toiminut yritt\u00e4j\u00e4n\u00e4 monissa yhti\u00f6iss\u00e4 ja keksinyt monia keksint\u00f6j\u00e4, kuten paloh\u00e4lytinkellon ja pelastautumisnarun. H\u00e4n on my\u00f6s edustanut keksij\u00f6it\u00e4 Idea-Ekspertit ky:n kautta.<\/p>\n\n\n\n<p><strong>Kirjat<\/strong><\/p>\n\n\n\n<p>Kaikkien Alin kirjojen kustantaja on TextixKustannus \/ Arcadic viihdetuotanto oy,<br>textix.net. Yhti\u00f6 julkaisee my\u00f6s muiden kirjoja.<\/p>\n\n\n\n<p><strong>Romaanit<\/strong><\/p>\n\n\n\n<ul class=\"wp-block-list\">\n<li>Naisten talo, 2021. ISBN 978-952-69707-6-9<\/li>\n\n\n\n<li>Viimeinen viesti, 2022. ISBN 978-952-7488-01-0<\/li>\n\n\n\n<li>Isin tytt\u00f6, ei viel\u00e4 julkaistu. ISBN 978-952-69707-4-5<\/li>\n\n\n\n<li>Enkelten talo, 2022. ISBN 978-952-69707-8-3<\/li>\n\n\n\n<li>Unelma Espanjassa, 2022. ISBN 978-952-7488-02-7<\/li>\n\n\n\n<li>Terapian tarpeessa, 2023. ISBN 978-952-7488-04-1<\/li>\n<\/ul>\n\n\n\n<p><strong>Dekkarit<\/strong><\/p>\n\n\n\n<p>(nimell\u00e4 Pentti Halme)<\/p>\n\n\n\n<ul class=\"wp-block-list\">\n<li>Murha Fiskarsissa, 2021. ISBN 978-952-69707-0-7<\/li>\n\n\n\n<li>Murha hoitokodissa, 2022. ISBN 978-952-7488-00-3<\/li>\n\n\n\n<li>Murha tuulipuistossa, 2023. ISBN 978-952-7488-05-8<\/li>\n<\/ul>\n\n\n\n<p><strong>Fantasiakirjat<\/strong><\/p>\n\n\n\n<ul class=\"wp-block-list\">\n<li>Miekan suojelija, nimell\u00e4 Con Troller, 2021. ISBN 978-952-69707-2-1<\/li>\n\n\n\n<li>Villi\u00e4 menoa, nimell\u00e4 Tapio Kantola 2022. ISBN 978-952-7488-03-4<\/li>\n<\/ul>\n\n\n\n<p><strong>Muu tuotanto<\/strong><\/p>\n\n\n\n<p><strong>Toimittaja kirjoissa<\/strong><\/p>\n\n\n\n<ul class=\"wp-block-list\">\n<li>Oppivuodet Luuperinm\u00e4ell\u00e4, 2008. ISBN 978-952-92-4478-2<\/li>\n\n\n\n<li>N\u00e4k\u00f6vammaisten Airut 1912-2012, 2012. ISBN 978-952-5126-41-9<\/li>\n\n\n\n<li>Avoimin silmin, Sokeain Yst\u00e4vien juhlakirja, 2012. ISBN 978-952-93-1471-3<\/li>\n<\/ul>\n\n\n\n<p><strong>Toimittaja \/ taittaja kirjoissa<\/strong><\/p>\n\n\n\n<ul class=\"wp-block-list\">\n<li>Tuulihuntu, Ritva Soinisen runoja, 2009. ISBN 978-952-92-6630-2<\/li>\n\n\n\n<li>Lohtukyl\u00e4, Ritva Soinisen runoja, 2013. ISBN 978-952-5964-78-3<\/li>\n\n\n\n<li>Mit\u00e4 sanon sinusta, Ari Suutarlan juhlakirja, 2013<\/li>\n\n\n\n<li>Vaienneet kellot, autonomian ajan sotilaskirkot, 2015. ISBN 78-952-93-6534-0<\/li>\n\n\n\n<li>Viron apostoliset kirkot, 2017. ISBN 978-952-93-9711-2<\/li>\n\n\n\n<li>Karjalan kadonneet kirkot ja tsasounat, 2022. ISBN 978-952-94-5557-7<\/li>\n<\/ul>\n\n\n\n<p><em>Paljastui, ett\u00e4 en ole tarpeeksi merkitt\u00e4v\u00e4 mies Wikipediaan ja tekstini poistettiin. Edes itse ottamani selfie ei kelvannut, koska ei voitu kuulemma varmistaa, ett\u00e4 minulla olisi ollut siihen oikeudet. Hauskinta on, ett\u00e4 laitoin tekstin<\/em> <em>Wikipediaan n\u00e4ht\u00e4v\u00e4ksi viime kev\u00e4\u00e4n\u00e4. Vastausta ei koskaan tullut.<\/em><\/p>\n\n\n\n<p><\/p>\n\n\n\n<p><\/p>\n\n\n\n<h2 class=\"wp-block-heading has-vivid-green-cyan-color has-text-color has-link-color wp-elements-b98cc747cd1c934424034e0d92f73d87\">KOHTI UUSIA SEIKKAILUJA<\/h2>\n\n\n\n<p><em>7.1.2024<\/em><\/p>\n\n\n\n<p><em>Kolumni on kirjoitettu viimeiseen Kajastus-lehteen. <\/em><\/p>\n\n\n\n<figure class=\"wp-block-image size-large is-resized is-style-rounded\"><a href=\"https:\/\/www.textix.net\/wpv3\/wp-content\/uploads\/2024\/01\/Ali-Kinnunen.jpg\"><img loading=\"lazy\" decoding=\"async\" width=\"765\" height=\"1024\" src=\"https:\/\/www.textix.net\/wpv3\/wp-content\/uploads\/2024\/01\/Ali-Kinnunen-765x1024.jpg\" alt=\"\" class=\"wp-image-1284\" style=\"width:191px;height:256px\" srcset=\"https:\/\/www.textix.net\/wpv3\/wp-content\/uploads\/2024\/01\/Ali-Kinnunen-765x1024.jpg 765w, https:\/\/www.textix.net\/wpv3\/wp-content\/uploads\/2024\/01\/Ali-Kinnunen-224x300.jpg 224w, https:\/\/www.textix.net\/wpv3\/wp-content\/uploads\/2024\/01\/Ali-Kinnunen-768x1028.jpg 768w, https:\/\/www.textix.net\/wpv3\/wp-content\/uploads\/2024\/01\/Ali-Kinnunen.jpg 970w\" sizes=\"auto, (max-width: 765px) 100vw, 765px\" \/><\/a><\/figure>\n\n\n\n<p>Sankari oli heitetty rotkoon ja h\u00e4n oli pudonnut holtittomasti jo montakymment\u00e4 metri\u00e4. Tilanne alkoi olla tukala. Niin oli ollut tarkoituskin. Jatkokertomuksen toinen kirjoittaja uskoi vihdoinkin saaneensa toisen kirjoittajan niin pahaan kiipeliin, ett\u00e4 t\u00e4m\u00e4n pit\u00e4isi luovuttaa.<br>Toinen kirjoittaja, Mika Waltari, istahti koneen \u00e4\u00e4reen, mietti hetken ja alkoi vimmaisesti jatkaa kertomusta: \u201dSelvitty\u00e4\u00e4n vaikeasta tilanteesta sankari suuntasi kohti uusia seikkailuja\u201d.<\/p>\n\n\n\n<p>Olen tehnyt Kajastusta 18 vuotta. On kiitosten aika. Kiitoksia hyv\u00e4t lukijat ja tukijat, teille on ollut mukava tehd\u00e4 lehte\u00e4. Olen nuorempana ollut useissa lehdiss\u00e4 ja monista on j\u00e4\u00e4nyt jotakin katumista, kuten vaikkapa tv- ja radiolehti Katsoon laatimastani p\u00e4\u00e4kirjoituksesta Min\u00e4 en kuuntele radiota! Kajastuksesta en muista mit\u00e4\u00e4n katumista, eik\u00e4 virheit\u00e4k\u00e4\u00e4n ole montaa tullut.<\/p>\n\n\n\n<p>Muistan joskus haaveilleeni, ett\u00e4 kun tulen vanhaksi, palaan synnyinkuntaani Kannonkoskelle. Naapurin Olavin veist\u00e4m\u00e4 karhu odottaa yh\u00e4, mutta tied\u00e4 sitten. Vuosikymmenten aikana minusta on muokkautunut jonkinlainen kaupunkilainen, vaikka en k\u00e4y juuri miss\u00e4\u00e4n, enk\u00e4 osallistu mihink\u00e4\u00e4n paitsi kirjoittamalla ja mielikuvituksessani.<\/p>\n\n\n\n<p>Olen ajatellut, ett\u00e4 el\u00e4kkeell\u00e4 alan kirjoittaa kirjoja. T\u00e4ss\u00e4 haaveessa olen ottanut varasl\u00e4hd\u00f6n ja kirjoja on valmiina vaikka kuinka paljon, sek\u00e4 omia ett\u00e4 muiden. Niiden kustantaja on pieni perheyhti\u00f6 TextixKustannus.<\/p>\n\n\n\n<p>Jos haluatte jatkossa kuulla minusta, k\u00e4yk\u00e4\u00e4 osoitteessa textix.net, siell\u00e4 min\u00e4 olen. Ensi vuoden alkupuolella alkaa ilmesty\u00e4 my\u00f6s kirjaBod nimell\u00e4 Alin kovat, joissa esittelen omia ja yhti\u00f6mme kirjoja. Nauretaan ja itket\u00e4\u00e4n yhdess\u00e4.<\/p>\n\n\n\n<p>Toivoisin, ett\u00e4 oppisin suhtautumaan el\u00e4m\u00e4\u00e4n kuten asematunnelissa kerran tapaamani kuuluisan yhtyeen entinen laulusolisti, joka jakoi aamutokkuraisille ihmisille Her\u00e4tk\u00e4\u00e4-lehte\u00e4. Yritin vet\u00e4\u00e4 h\u00e4net sivummalle, kun huomasin ett\u00e4 etuvasemmalta l\u00e4hestyi uhkaava miesjoukko, joka n\u00e4ytti koostuvan it\u00e4maan gangstereista.<br>\u201dVoi ei minun tarvitse en\u00e4\u00e4 mit\u00e4\u00e4n pel\u00e4t\u00e4 \u201d, laulaja sanoi lempe\u00e4sti ja j\u00e4i odottamaan miehi\u00e4.<\/p>\n\n\n\n<p><em>See you!<br>Ali<\/em><\/p>\n\n\n\n<p><\/p>\n","protected":false},"excerpt":{"rendered":"<p>Vanha toimittaja kirjoittaa t\u00e4st\u00e4 el\u00e4m\u00e4st\u00e4 mottonaan Niin kauan kuin el\u00e4n, el\u00e4n! Uusin kolumni ensin. MINUN TIENI 10.1.2024 Jokaisella kirjoittajalla on tiens\u00e4. Voisin varmaankin kirjoittaa suuria historiallisia romaaneja tai sukukronikoita mutta kun ei kirjoita. Kirjoitan kirjoja, joita itsekin haluan lukea. Joskus tuntuu, ett\u00e4 el\u00e4m\u00e4 ei suju niin kuin haluaisi. Ennen kiukuttelin ja kiroilin mutta nyt kun [&hellip;]<\/p>\n","protected":false},"author":4,"featured_media":0,"parent":0,"menu_order":0,"comment_status":"closed","ping_status":"closed","template":"","meta":{"footnotes":""},"class_list":["post-1282","page","type-page","status-publish","hentry"],"_links":{"self":[{"href":"https:\/\/www.textix.net\/index.php?rest_route=\/wp\/v2\/pages\/1282","targetHints":{"allow":["GET"]}}],"collection":[{"href":"https:\/\/www.textix.net\/index.php?rest_route=\/wp\/v2\/pages"}],"about":[{"href":"https:\/\/www.textix.net\/index.php?rest_route=\/wp\/v2\/types\/page"}],"author":[{"embeddable":true,"href":"https:\/\/www.textix.net\/index.php?rest_route=\/wp\/v2\/users\/4"}],"replies":[{"embeddable":true,"href":"https:\/\/www.textix.net\/index.php?rest_route=%2Fwp%2Fv2%2Fcomments&post=1282"}],"version-history":[{"count":14,"href":"https:\/\/www.textix.net\/index.php?rest_route=\/wp\/v2\/pages\/1282\/revisions"}],"predecessor-version":[{"id":1357,"href":"https:\/\/www.textix.net\/index.php?rest_route=\/wp\/v2\/pages\/1282\/revisions\/1357"}],"wp:attachment":[{"href":"https:\/\/www.textix.net\/index.php?rest_route=%2Fwp%2Fv2%2Fmedia&parent=1282"}],"curies":[{"name":"wp","href":"https:\/\/api.w.org\/{rel}","templated":true}]}}