{"id":1359,"date":"2024-01-13T12:21:49","date_gmt":"2024-01-13T10:21:49","guid":{"rendered":"https:\/\/www.textix.net\/?page_id=1359"},"modified":"2025-07-09T10:40:46","modified_gmt":"2025-07-09T07:40:46","slug":"muiden-kirjat","status":"publish","type":"page","link":"https:\/\/www.textix.net\/?page_id=1359","title":{"rendered":"MUIDEN KIRJAT"},"content":{"rendered":"\n<h1 class=\"wp-block-heading has-black-color has-text-color has-link-color wp-elements-e6856448f78396592dd143e5cf9300b9\">UUTUUS: TULEN TYTT\u00d6<\/h1>\n\n\n\n<p>ISBN 978-952-7488-08-9<\/p>\n\n\n\n<figure class=\"wp-block-image size-full is-resized\"><a href=\"https:\/\/www.textix.net\/wpv3\/wp-content\/uploads\/2025\/07\/Tulen-tytto-pieni.jpg\"><img loading=\"lazy\" decoding=\"async\" width=\"397\" height=\"561\" src=\"https:\/\/www.textix.net\/wpv3\/wp-content\/uploads\/2025\/07\/Tulen-tytto-pieni.jpg\" alt=\"\" class=\"wp-image-1388\" style=\"width:575px;height:auto\" srcset=\"https:\/\/www.textix.net\/wpv3\/wp-content\/uploads\/2025\/07\/Tulen-tytto-pieni.jpg 397w, https:\/\/www.textix.net\/wpv3\/wp-content\/uploads\/2025\/07\/Tulen-tytto-pieni-212x300.jpg 212w\" sizes=\"auto, (max-width: 397px) 100vw, 397px\" \/><\/a><\/figure>\n\n\n\n<p>Tulen tytt\u00f6 on lohjalaisen runoilija Annika Johanssonin kolmas runokirja. Se on rohkea kuvaus nuoren tyt\u00f6n kasvamisesta naiseksi. Se sis\u00e4lt\u00e4\u00e4 iloa, surua ja el\u00e4m\u00e4\u00e4!<\/p>\n\n\n\n<h1 class=\"wp-block-heading has-black-color has-text-color has-link-color wp-elements-e82974c46bc53ad4e7d4afac5b06f657\">ISO\u00c4IDIN ILTAKIRJA<\/h1>\n\n\n\n<p>ISBN 978-952-7488-07-02<\/p>\n\n\n\n<figure class=\"wp-block-image size-full is-resized\"><a href=\"https:\/\/www.textix.net\/wpv3\/wp-content\/uploads\/2025\/07\/Isoaidin-iltakirja-p2.jpg\"><img loading=\"lazy\" decoding=\"async\" width=\"446\" height=\"632\" src=\"https:\/\/www.textix.net\/wpv3\/wp-content\/uploads\/2025\/07\/Isoaidin-iltakirja-p2.jpg\" alt=\"\" class=\"wp-image-1390\" style=\"width:584px;height:auto\" srcset=\"https:\/\/www.textix.net\/wpv3\/wp-content\/uploads\/2025\/07\/Isoaidin-iltakirja-p2.jpg 446w, https:\/\/www.textix.net\/wpv3\/wp-content\/uploads\/2025\/07\/Isoaidin-iltakirja-p2-212x300.jpg 212w\" sizes=\"auto, (max-width: 446px) 100vw, 446px\" \/><\/a><\/figure>\n\n\n\n<p>Perheen\u00e4idin, uskonnonopettajan ja seurakuntapastorin p\u00e4iv\u00e4navauksia vertailukohtana ajallemme. Virkist\u00e4v\u00e4\u00e4 luettavaa meille nykyihmisille!<\/p>\n\n\n\n<p><\/p>\n\n\n\n<h1 class=\"wp-block-heading has-black-color has-text-color has-link-color wp-elements-dae894f49a6af6c1893241b77da4212e\">EL\u00c4M\u00c4 HYMYILEE KERRAN VIIKOSSA<\/h1>\n\n\n\n<p>ISBN 978-952-7488-06-5<\/p>\n\n\n\n<figure class=\"wp-block-image size-large is-resized\"><a href=\"https:\/\/www.textix.net\/wpv3\/wp-content\/uploads\/2024\/01\/ELAMA-HYMYILEE-COVERS-1-scaled.jpg\"><img loading=\"lazy\" decoding=\"async\" width=\"717\" height=\"1024\" src=\"https:\/\/www.textix.net\/wpv3\/wp-content\/uploads\/2024\/01\/ELAMA-HYMYILEE-COVERS-1-717x1024.jpg\" alt=\"\" class=\"wp-image-1362\" style=\"width:581px;height:auto\" srcset=\"https:\/\/www.textix.net\/wpv3\/wp-content\/uploads\/2024\/01\/ELAMA-HYMYILEE-COVERS-1-717x1024.jpg 717w, https:\/\/www.textix.net\/wpv3\/wp-content\/uploads\/2024\/01\/ELAMA-HYMYILEE-COVERS-1-210x300.jpg 210w, https:\/\/www.textix.net\/wpv3\/wp-content\/uploads\/2024\/01\/ELAMA-HYMYILEE-COVERS-1-768x1096.jpg 768w, https:\/\/www.textix.net\/wpv3\/wp-content\/uploads\/2024\/01\/ELAMA-HYMYILEE-COVERS-1-1076x1536.jpg 1076w, https:\/\/www.textix.net\/wpv3\/wp-content\/uploads\/2024\/01\/ELAMA-HYMYILEE-COVERS-1-1435x2048.jpg 1435w, https:\/\/www.textix.net\/wpv3\/wp-content\/uploads\/2024\/01\/ELAMA-HYMYILEE-COVERS-1-scaled.jpg 1793w\" sizes=\"auto, (max-width: 717px) 100vw, 717px\" \/><\/a><\/figure>\n\n\n\n<p><\/p>\n\n\n\n<p class=\"has-black-color has-text-color has-link-color wp-elements-c0b8e9bd0376e82e9984fda3d1e215af\"><strong>Kirja on syntynyt Minun n\u00e4k\u00f6inen mieli &#8211; kulttuuriringin kirjoituksista.<br>Ryhm\u00e4n j\u00e4senet ovat<\/strong><\/p>\n\n\n\n<ul class=\"wp-block-list\">\n<li>Anna Lyra<\/li>\n\n\n\n<li>Riitta M\u00e4enp\u00e4\u00e4 <\/li>\n\n\n\n<li>Toimi Parviainen<\/li>\n\n\n\n<li>Asta Torpo<\/li>\n<\/ul>\n\n\n\n<p>Kirja naurattaa ja itkett\u00e4\u00e4 ja ottaa kantaa. Se kertoo my\u00f6s n\u00e4k\u00f6vammaisen ja sokean el\u00e4m\u00e4st\u00e4 avoimen koskettavasti katkeransuloisen ironian kautta. Kannattaa harkita kahdesti, ryhtyyk\u00f6 n\u00e4k\u00f6vammaiseksi!<\/p>\n\n\n\n<p><\/p>\n\n\n\n<p><br><\/p>\n","protected":false},"excerpt":{"rendered":"<p>UUTUUS: TULEN TYTT\u00d6 ISBN 978-952-7488-08-9 Tulen tytt\u00f6 on lohjalaisen runoilija Annika Johanssonin kolmas runokirja. Se on rohkea kuvaus nuoren tyt\u00f6n kasvamisesta naiseksi. Se sis\u00e4lt\u00e4\u00e4 iloa, surua ja el\u00e4m\u00e4\u00e4! ISO\u00c4IDIN ILTAKIRJA ISBN 978-952-7488-07-02 Perheen\u00e4idin, uskonnonopettajan ja seurakuntapastorin p\u00e4iv\u00e4navauksia vertailukohtana ajallemme. Virkist\u00e4v\u00e4\u00e4 luettavaa meille nykyihmisille! EL\u00c4M\u00c4 HYMYILEE KERRAN VIIKOSSA ISBN 978-952-7488-06-5 Kirja on syntynyt Minun n\u00e4k\u00f6inen mieli [&hellip;]<\/p>\n","protected":false},"author":4,"featured_media":0,"parent":0,"menu_order":0,"comment_status":"closed","ping_status":"closed","template":"","meta":{"footnotes":""},"class_list":["post-1359","page","type-page","status-publish","hentry"],"_links":{"self":[{"href":"https:\/\/www.textix.net\/index.php?rest_route=\/wp\/v2\/pages\/1359","targetHints":{"allow":["GET"]}}],"collection":[{"href":"https:\/\/www.textix.net\/index.php?rest_route=\/wp\/v2\/pages"}],"about":[{"href":"https:\/\/www.textix.net\/index.php?rest_route=\/wp\/v2\/types\/page"}],"author":[{"embeddable":true,"href":"https:\/\/www.textix.net\/index.php?rest_route=\/wp\/v2\/users\/4"}],"replies":[{"embeddable":true,"href":"https:\/\/www.textix.net\/index.php?rest_route=%2Fwp%2Fv2%2Fcomments&post=1359"}],"version-history":[{"count":15,"href":"https:\/\/www.textix.net\/index.php?rest_route=\/wp\/v2\/pages\/1359\/revisions"}],"predecessor-version":[{"id":1391,"href":"https:\/\/www.textix.net\/index.php?rest_route=\/wp\/v2\/pages\/1359\/revisions\/1391"}],"wp:attachment":[{"href":"https:\/\/www.textix.net\/index.php?rest_route=%2Fwp%2Fv2%2Fmedia&parent=1359"}],"curies":[{"name":"wp","href":"https:\/\/api.w.org\/{rel}","templated":true}]}}

<h1 class="wp-block-heading has-black-color has-text-color has-link-color wp-elements-e6856448f78396592dd143e5cf9300b9">UUTUUS: TULEN TYTTÖ</h1>



<p>ISBN 978-952-7488-08-9</p>



<figure class="wp-block-image size-full is-resized"><a href="https://www.textix.net/wpv3/wp-content/uploads/2025/07/Tulen-tytto-pieni.jpg"><img loading="lazy" decoding="async" width="397" height="561" src="https://www.textix.net/wpv3/wp-content/uploads/2025/07/Tulen-tytto-pieni.jpg" alt="" class="wp-image-1388" style="width:575px;height:auto" srcset="https://www.textix.net/wpv3/wp-content/uploads/2025/07/Tulen-tytto-pieni.jpg 397w, https://www.textix.net/wpv3/wp-content/uploads/2025/07/Tulen-tytto-pieni-212x300.jpg 212w" sizes="auto, (max-width: 397px) 100vw, 397px" /></a></figure>



<p>Tulen tyttö on lohjalaisen runoilija Annika Johanssonin kolmas runokirja. Se on rohkea kuvaus nuoren tytön kasvamisesta naiseksi. Se sisältää iloa, surua ja elämää!</p>



<h1 class="wp-block-heading has-black-color has-text-color has-link-color wp-elements-e82974c46bc53ad4e7d4afac5b06f657">ISOÄIDIN ILTAKIRJA</h1>



<p>ISBN 978-952-7488-07-02</p>



<figure class="wp-block-image size-full is-resized"><a href="https://www.textix.net/wpv3/wp-content/uploads/2025/07/Isoaidin-iltakirja-p2.jpg"><img loading="lazy" decoding="async" width="446" height="632" src="https://www.textix.net/wpv3/wp-content/uploads/2025/07/Isoaidin-iltakirja-p2.jpg" alt="" class="wp-image-1390" style="width:584px;height:auto" srcset="https://www.textix.net/wpv3/wp-content/uploads/2025/07/Isoaidin-iltakirja-p2.jpg 446w, https://www.textix.net/wpv3/wp-content/uploads/2025/07/Isoaidin-iltakirja-p2-212x300.jpg 212w" sizes="auto, (max-width: 446px) 100vw, 446px" /></a></figure>



<p>Perheenäidin, uskonnonopettajan ja seurakuntapastorin päivänavauksia vertailukohtana ajallemme. Virkistävää luettavaa meille nykyihmisille!</p>



<p></p>



<h1 class="wp-block-heading has-black-color has-text-color has-link-color wp-elements-dae894f49a6af6c1893241b77da4212e">ELÄMÄ HYMYILEE KERRAN VIIKOSSA</h1>



<p>ISBN 978-952-7488-06-5</p>



<figure class="wp-block-image size-large is-resized"><a href="https://www.textix.net/wpv3/wp-content/uploads/2024/01/ELAMA-HYMYILEE-COVERS-1-scaled.jpg"><img loading="lazy" decoding="async" width="717" height="1024" src="https://www.textix.net/wpv3/wp-content/uploads/2024/01/ELAMA-HYMYILEE-COVERS-1-717x1024.jpg" alt="" class="wp-image-1362" style="width:581px;height:auto" srcset="https://www.textix.net/wpv3/wp-content/uploads/2024/01/ELAMA-HYMYILEE-COVERS-1-717x1024.jpg 717w, https://www.textix.net/wpv3/wp-content/uploads/2024/01/ELAMA-HYMYILEE-COVERS-1-210x300.jpg 210w, https://www.textix.net/wpv3/wp-content/uploads/2024/01/ELAMA-HYMYILEE-COVERS-1-768x1096.jpg 768w, https://www.textix.net/wpv3/wp-content/uploads/2024/01/ELAMA-HYMYILEE-COVERS-1-1076x1536.jpg 1076w, https://www.textix.net/wpv3/wp-content/uploads/2024/01/ELAMA-HYMYILEE-COVERS-1-1435x2048.jpg 1435w, https://www.textix.net/wpv3/wp-content/uploads/2024/01/ELAMA-HYMYILEE-COVERS-1-scaled.jpg 1793w" sizes="auto, (max-width: 717px) 100vw, 717px" /></a></figure>



<p></p>



<p class="has-black-color has-text-color has-link-color wp-elements-c0b8e9bd0376e82e9984fda3d1e215af"><strong>Kirja on syntynyt Minun näköinen mieli &#8211; kulttuuriringin kirjoituksista.<br>Ryhmän jäsenet ovat</strong></p>



<ul class="wp-block-list">
<li>Anna Lyra</li>



<li>Riitta Mäenpää </li>



<li>Toimi Parviainen</li>



<li>Asta Torpo</li>
</ul>



<p>Kirja naurattaa ja itkettää ja ottaa kantaa. Se kertoo myös näkövammaisen ja sokean elämästä avoimen koskettavasti katkeransuloisen ironian kautta. Kannattaa harkita kahdesti, ryhtyykö näkövammaiseksi!</p>



<p></p>



<p><br></p>

<p>UUTUUS: TULEN TYTTÖ ISBN 978-952-7488-08-9 Tulen tyttö on lohjalaisen runoilija Annika Johanssonin kolmas runokirja. Se on rohkea kuvaus nuoren tytön kasvamisesta naiseksi. Se sisältää iloa, surua ja elämää! ISOÄIDIN ILTAKIRJA ISBN 978-952-7488-07-02 Perheenäidin, uskonnonopettajan ja seurakuntapastorin päivänavauksia vertailukohtana ajallemme. Virkistävää luettavaa meille nykyihmisille! ELÄMÄ HYMYILEE KERRAN VIIKOSSA ISBN 978-952-7488-06-5 Kirja on syntynyt Minun näköinen mieli [&hellip;]</p>
