{"id":214,"date":"2021-08-07T17:33:07","date_gmt":"2021-08-07T14:33:07","guid":{"rendered":"http:\/\/www.textix.net\/wpv3\/?page_id=214"},"modified":"2023-01-14T15:22:25","modified_gmt":"2023-01-14T13:22:25","slug":"etusivu-2","status":"publish","type":"page","link":"https:\/\/www.textix.net\/?page_id=214","title":{"rendered":"VAIN EL\u00c4M\u00c4\u00c4"},"content":{"rendered":"\n<div class=\"wp-block-image\"><figure class=\"alignleft size-full\"><a href=\"http:\/\/www.textix.net\/wpv3\/wp-content\/uploads\/2023\/01\/Terapian-tarpeessa_k_p.png\"><img loading=\"lazy\" decoding=\"async\" width=\"444\" height=\"630\" src=\"http:\/\/www.textix.net\/wpv3\/wp-content\/uploads\/2023\/01\/Terapian-tarpeessa_k_p.png\" alt=\"\" class=\"wp-image-1043\" srcset=\"https:\/\/www.textix.net\/wpv3\/wp-content\/uploads\/2023\/01\/Terapian-tarpeessa_k_p.png 444w, https:\/\/www.textix.net\/wpv3\/wp-content\/uploads\/2023\/01\/Terapian-tarpeessa_k_p-211x300.png 211w\" sizes=\"auto, (max-width: 444px) 100vw, 444px\" \/><\/a><\/figure><\/div>\n\n\n\n<p><strong>TERAPIAN TARPEESSA<\/strong><\/p>\n\n\n\n<p><strong>Tervetuloa Textix Kustannuksen nettisivuille osoitteeseen www.textix.net. K\u00e4nnyk\u00f6iss\u00e4 ja tableteissa navigaatio on alinna.<\/strong><\/p>\n\n\n\n<p><strong><em>Uusin kirja esitell\u00e4\u00e4n kunkin osion alussa!<\/em><\/strong><\/p>\n\n\n\n<p><strong>TERAPIAN TARPEESSA<\/strong><\/p>\n\n\n\n<p><em>T\u00e4lle kirjalle sopisi otsikoksi Vain el\u00e4m\u00e4\u00e4. Kirja kertoo ihmisist\u00e4, jotka voisivat olla ihan tavallisia ihmisi\u00e4, mutta jotka eiv\u00e4t kuitenkaan ole. Toisaalta heille tapahtuu asioita, joita voisi tapahtua kenelle tahansa \u2013 vai voisiko, sit\u00e4 voi jokainen tutkiskella lukiessaan.<\/em> <em>Kirja on psykologisen kirjallisuuden ja j\u00e4nnityksen huippua!<\/em><\/p>\n\n\n\n<p><strong>ENKELIHOITAJA&nbsp;<\/strong>Mies her\u00e4\u00e4 taivaassa muistamatta mit\u00e4\u00e4n. H\u00e4nt\u00e4 hoitaa omituinen tytt\u00f6pari: outo Enkelihoitaja ja vain nahkapantaan pukeutunut tytt\u00f6, joka kerj\u00e4\u00e4 koko ajan alistamista. Kun mies palaa todellisuuteen, selvi\u00e4\u00e4 ett\u00e4 h\u00e4net on hakattu melkein kuoliaaksi. Mit\u00e4 on tapahtunut? Ja mik\u00e4 on teht\u00e4v\u00e4, joka kummittelee h\u00e4nen muistissaan, mik\u00e4 on h\u00e4t\u00e4\u00e4ntynyt \u00e4\u00e4ni, joka kertoo h\u00e4nen p\u00e4\u00e4ss\u00e4\u00e4n hirve\u00e4t\u00e4 tarinaa ja yllytt\u00e4\u00e4: \u201dEtsi Vuk! Kosta puolestamme, min\u00e4 odotan sinua!\u201d<\/p>\n\n\n\n<p><strong>FOXMAN<\/strong><\/p>\n\n\n\n<p>Kettutytt\u00f6j\u00e4, ty\u00f6tt\u00f6mi\u00e4, mielenterveyskuntoutujia, viranomaisia \u2013 ja tavallinen suomalainen mies, joka haluaa el\u00e4\u00e4 el\u00e4m\u00e4\u00e4ns\u00e4. Mutta mit\u00e4 tapahtuu, kun h\u00e4n saa tarpeekseen s\u00e4\u00e4nn\u00f6ist\u00e4 ja panee kaiken uusiksi saamiensa ohjeiden mukaan: \u00e4l\u00e4 kommentoi, \u00e4l\u00e4 tunnusta, \u00e4l\u00e4 kerro mit\u00e4\u00e4n, \u00e4l\u00e4 vastaa kysymyksiin! Valehtele aina kun pystyt! Eik\u00e4 siin\u00e4 viel\u00e4 kaikki! H\u00e4nell\u00e4 on salaisuus, jota on syyt\u00e4 pel\u00e4t\u00e4.<\/p>\n\n\n\n<p><em>Molempien tarinoiden loppuratkaisu on yll\u00e4tt\u00e4v\u00e4!<\/em><\/p>\n\n\n\n<p class=\"has-vivid-green-cyan-color has-text-color\"><em><a href=\"http:\/\/www.textix.net\/wpv3\/?p=911\">Lue Enkelihoitajan ja Foxmanin ensimm\u00e4iset sivut<\/a><\/em><\/p>\n","protected":false},"excerpt":{"rendered":"<p>TERAPIAN TARPEESSA Tervetuloa Textix Kustannuksen nettisivuille osoitteeseen www.textix.net. K\u00e4nnyk\u00f6iss\u00e4 ja tableteissa navigaatio on alinna. Uusin kirja esitell\u00e4\u00e4n kunkin osion alussa! TERAPIAN TARPEESSA T\u00e4lle kirjalle sopisi otsikoksi Vain el\u00e4m\u00e4\u00e4. Kirja kertoo ihmisist\u00e4, jotka voisivat olla ihan tavallisia ihmisi\u00e4, mutta jotka eiv\u00e4t kuitenkaan ole. Toisaalta heille tapahtuu asioita, joita voisi tapahtua kenelle tahansa \u2013 vai voisiko, sit\u00e4 [&hellip;]<\/p>\n","protected":false},"author":3,"featured_media":0,"parent":0,"menu_order":0,"comment_status":"closed","ping_status":"closed","template":"","meta":{"footnotes":""},"class_list":["post-214","page","type-page","status-publish","hentry"],"_links":{"self":[{"href":"https:\/\/www.textix.net\/index.php?rest_route=\/wp\/v2\/pages\/214","targetHints":{"allow":["GET"]}}],"collection":[{"href":"https:\/\/www.textix.net\/index.php?rest_route=\/wp\/v2\/pages"}],"about":[{"href":"https:\/\/www.textix.net\/index.php?rest_route=\/wp\/v2\/types\/page"}],"author":[{"embeddable":true,"href":"https:\/\/www.textix.net\/index.php?rest_route=\/wp\/v2\/users\/3"}],"replies":[{"embeddable":true,"href":"https:\/\/www.textix.net\/index.php?rest_route=%2Fwp%2Fv2%2Fcomments&post=214"}],"version-history":[{"count":67,"href":"https:\/\/www.textix.net\/index.php?rest_route=\/wp\/v2\/pages\/214\/revisions"}],"predecessor-version":[{"id":1048,"href":"https:\/\/www.textix.net\/index.php?rest_route=\/wp\/v2\/pages\/214\/revisions\/1048"}],"wp:attachment":[{"href":"https:\/\/www.textix.net\/index.php?rest_route=%2Fwp%2Fv2%2Fmedia&parent=214"}],"curies":[{"name":"wp","href":"https:\/\/api.w.org\/{rel}","templated":true}]}}