{"id":683,"date":"2021-09-05T11:14:59","date_gmt":"2021-09-05T08:14:59","guid":{"rendered":"http:\/\/www.textix.net\/wpv3\/?page_id=683"},"modified":"2022-04-04T10:20:58","modified_gmt":"2022-04-04T07:20:58","slug":"arvostelukappaleet","status":"publish","type":"page","link":"https:\/\/www.textix.net\/?page_id=683","title":{"rendered":"Media"},"content":{"rendered":"<p><strong>JUTTUJA JA KUVIA MEIST\u00c4<\/strong><\/p>\n<p><em>T\u00e4ll\u00e4 sivulla on muutama artikkeli meist\u00e4. Voit k\u00e4ytt\u00e4\u00e4 niit\u00e4 vapaasti. Uusia ja p\u00e4ivitettyj\u00e4 juttuja on tulossa. Kuviakin on muutama, lis\u00e4\u00e4 saat, jos laitat viesti\u00e4 kirjat@arcadic.net. Jos valmiita ei l\u00f6ydy, otetaan uusia!\u00a0<\/em><\/p>\n<p><strong>TEKSTEJ\u00c4<\/strong><\/p>\n<p><a href=\"http:\/\/www.textix.net\/wpv3\/?p=711\"><span style=\"color: #0000ff;\">Fantasiaa, j\u00e4nnityst\u00e4 ja romantiikkaa<\/span><\/a><\/p>\n<p><span style=\"color: #0000ff;\"><a style=\"color: #0000ff;\" href=\"http:\/\/www.textix.net\/wpv3\/?p=722\">Textix aloittaa kolmella kirjalla<\/a><\/span><\/p>\n<p><strong>KUVIA<\/strong><\/p>\n<p>&nbsp;<\/p>\n<p><a href=\"http:\/\/www.textix.net\/wpv3\/wp-content\/uploads\/2021\/09\/ak5.jpg\"><img loading=\"lazy\" decoding=\"async\" class=\"alignnone wp-image-700 \" src=\"http:\/\/www.textix.net\/wpv3\/wp-content\/uploads\/2021\/09\/ak5-300x249.jpg\" alt=\"\" width=\"300\" height=\"249\" srcset=\"https:\/\/www.textix.net\/wpv3\/wp-content\/uploads\/2021\/09\/ak5-300x249.jpg 300w, https:\/\/www.textix.net\/wpv3\/wp-content\/uploads\/2021\/09\/ak5-1024x850.jpg 1024w\" sizes=\"auto, (max-width: 300px) 100vw, 300px\" \/><\/a><\/p>\n<p><a href=\"http:\/\/www.textix.net\/wpv3\/wp-content\/uploads\/2021\/09\/ak6.jpg\"><img loading=\"lazy\" decoding=\"async\" class=\"alignnone wp-image-704 size-medium\" src=\"http:\/\/www.textix.net\/wpv3\/wp-content\/uploads\/2021\/09\/ak6-300x182.jpg\" alt=\"\" width=\"300\" height=\"182\" srcset=\"https:\/\/www.textix.net\/wpv3\/wp-content\/uploads\/2021\/09\/ak6-300x182.jpg 300w, https:\/\/www.textix.net\/wpv3\/wp-content\/uploads\/2021\/09\/ak6-1024x620.jpg 1024w\" sizes=\"auto, (max-width: 300px) 100vw, 300px\" \/><\/a><\/p>\n<p><a href=\"http:\/\/www.textix.net\/wpv3\/wp-content\/uploads\/2021\/09\/ak2.jpg\"><img loading=\"lazy\" decoding=\"async\" class=\"alignnone wp-image-708 size-medium\" src=\"http:\/\/www.textix.net\/wpv3\/wp-content\/uploads\/2021\/09\/ak2-300x218.jpg\" alt=\"\" width=\"300\" height=\"218\" srcset=\"https:\/\/www.textix.net\/wpv3\/wp-content\/uploads\/2021\/09\/ak2-300x218.jpg 300w, https:\/\/www.textix.net\/wpv3\/wp-content\/uploads\/2021\/09\/ak2-1024x742.jpg 1024w\" sizes=\"auto, (max-width: 300px) 100vw, 300px\" \/><\/a><\/p>\n<p><strong>ARVOSTELUKAPPALEET<\/strong><\/p>\n<p><em>Jos haluat jonkin kustantamamme kirjan arvosteltavaksesi, laita meille s\u00e4hk\u00f6postia osoitteeseen kirjat@arcadic.net<\/em><\/p>\n<p><em>Kirjoita viestiin nimesi, osoitteesi, puhelinnumerosi, media mihin arvostelu mahdollisesti tulee sek\u00e4 haluamasi kirjojen nimet. L\u00e4het\u00e4mme\u00a0 kirjat muutaman p\u00e4iv\u00e4n kuluessa.<\/em><\/p>\n","protected":false},"excerpt":{"rendered":"<p>JUTTUJA JA KUVIA MEIST\u00c4 T\u00e4ll\u00e4 sivulla on muutama artikkeli meist\u00e4. Voit k\u00e4ytt\u00e4\u00e4 niit\u00e4 vapaasti. Uusia ja p\u00e4ivitettyj\u00e4 juttuja on tulossa. Kuviakin on muutama, lis\u00e4\u00e4 saat, jos laitat viesti\u00e4 kirjat@arcadic.net. Jos valmiita ei l\u00f6ydy, otetaan uusia!\u00a0 TEKSTEJ\u00c4 Fantasiaa, j\u00e4nnityst\u00e4 ja romantiikkaa Textix aloittaa kolmella kirjalla KUVIA &nbsp; ARVOSTELUKAPPALEET Jos haluat jonkin kustantamamme kirjan arvosteltavaksesi, laita meille [&hellip;]<\/p>\n","protected":false},"author":3,"featured_media":0,"parent":0,"menu_order":0,"comment_status":"closed","ping_status":"closed","template":"","meta":{"footnotes":""},"class_list":["post-683","page","type-page","status-publish","hentry"],"_links":{"self":[{"href":"https:\/\/www.textix.net\/index.php?rest_route=\/wp\/v2\/pages\/683","targetHints":{"allow":["GET"]}}],"collection":[{"href":"https:\/\/www.textix.net\/index.php?rest_route=\/wp\/v2\/pages"}],"about":[{"href":"https:\/\/www.textix.net\/index.php?rest_route=\/wp\/v2\/types\/page"}],"author":[{"embeddable":true,"href":"https:\/\/www.textix.net\/index.php?rest_route=\/wp\/v2\/users\/3"}],"replies":[{"embeddable":true,"href":"https:\/\/www.textix.net\/index.php?rest_route=%2Fwp%2Fv2%2Fcomments&post=683"}],"version-history":[{"count":21,"href":"https:\/\/www.textix.net\/index.php?rest_route=\/wp\/v2\/pages\/683\/revisions"}],"predecessor-version":[{"id":855,"href":"https:\/\/www.textix.net\/index.php?rest_route=\/wp\/v2\/pages\/683\/revisions\/855"}],"wp:attachment":[{"href":"https:\/\/www.textix.net\/index.php?rest_route=%2Fwp%2Fv2%2Fmedia&parent=683"}],"curies":[{"name":"wp","href":"https:\/\/api.w.org\/{rel}","templated":true}]}}