{"id":872,"date":"2022-04-07T09:26:01","date_gmt":"2022-04-07T06:26:01","guid":{"rendered":"http:\/\/www.textix.net\/wpv3\/?page_id=872"},"modified":"2023-01-12T11:02:32","modified_gmt":"2023-01-12T09:02:32","slug":"rakkautta-romantiikkaa-murhia-ja-fantasiaa","status":"publish","type":"page","link":"https:\/\/www.textix.net\/?page_id=872","title":{"rendered":"Textix Kustannus"},"content":{"rendered":"<p>Uusi kustantamo Textix Kustannus on aloittanut hyvien, helppolukuisten kirjojen kustantamisen. Ensimm\u00e4isin\u00e4 ovat ilmestyneet kirjat Miekan suojelija, Naisten talo ja Murha Fiskarsissa. \u00c4skett\u00e4in on ilmestynyt kaksi kirjaa lis\u00e4\u00e4: Enkelten talo ja Murha hoitokodissa. Lis\u00e4\u00e4 hyvi\u00e4 kirjoja on tulossa!<\/p>\r\n<!-- \/wp:paragraph -->\r\n\r\n<!-- wp:paragraph -->\r\n<p>Julkaisemme kirjoja, joita itse haluamme lukea! Lyhyesti: kirjojemme parissa on helppo viihty\u00e4. Valikoimissamme on romaaneja, dekkareita ja fantasiaa eli jokaiselle l\u00f6ytyy jotakin. Mukavia lukuhetki\u00e4!<\/p>\r\n<h3>Kysy kirjakaupasta tai tilaa meilt\u00e4<\/h3>\r\n<!-- \/wp:paragraph -->\r\n\r\n<!-- wp:paragraph -->\r\n<p>Kaikki kirjamme l\u00f6ytyv\u00e4t hyvin varustetuista kirjakaupoista. Voit tilata kirjat my\u00f6s meilt\u00e4 joko puhelimitse, s\u00e4hk\u00f6postitse tai verkkokaupasta. Kirjamme maksavat 26 euroa. Hinta sis\u00e4lt\u00e4\u00e4\u00a0 postikulut. <em>(Huom. k\u00e4nnyk\u00e4ss\u00e4 navigaatio on alhaalla)<\/em><\/p>\r\n<!-- \/wp:paragraph -->\r\n\r\n<!-- wp:image {\"id\":520,\"sizeSlug\":\"large\",\"linkDestination\":\"media\"} -->\r\n<figure class=\"wp-block-image size-large\"><a href=\"http:\/\/www.textix.net\/wpv3\/wp-content\/uploads\/2021\/05\/Kannet-1-kooste.jpg\"><img loading=\"lazy\" decoding=\"async\" width=\"1024\" height=\"511\" class=\"wp-image-520\" src=\"http:\/\/www.textix.net\/wpv3\/wp-content\/uploads\/2021\/05\/Kannet-1-kooste-1024x511.jpg\" alt=\"\" srcset=\"https:\/\/www.textix.net\/wpv3\/wp-content\/uploads\/2021\/05\/Kannet-1-kooste-1024x511.jpg 1024w, https:\/\/www.textix.net\/wpv3\/wp-content\/uploads\/2021\/05\/Kannet-1-kooste-300x150.jpg 300w, https:\/\/www.textix.net\/wpv3\/wp-content\/uploads\/2021\/05\/Kannet-1-kooste.jpg 1181w\" sizes=\"(max-width: 1024px) 100vw, 1024px\" \/><\/a><\/figure>\r\n<!-- \/wp:image -->\r\n\r\n<!-- wp:paragraph -->\r\n<p><em>Kuvakoosteessa on Miekan suojelijan, Naisten talon ja Murha Fiskarsissa kansikuvat. Kaikki kuvat suurenevat klikkaamalla. Kirjat esitell\u00e4\u00e4n kohdassa <span style=\"color: #0000ff;\"><a style=\"color: #0000ff;\" href=\"http:\/\/www.textix.net\/wpv3\/?page_id=564\">Kirjojen esittely<\/a><\/span>.<\/em><\/p>\r\n<!-- \/wp:paragraph -->\r\n\r\n<!-- wp:heading {\"level\":1} -->\r\n<h3>\u00c4skett\u00e4in ilmestyneet<\/h3>\r\n<p>&nbsp;<\/p>\r\n<p><a href=\"http:\/\/www.textix.net\/wpv3\/wp-content\/uploads\/2022\/04\/Murha-hk-ja-et.png\"><img loading=\"lazy\" decoding=\"async\" class=\"alignnone wp-image-878\" src=\"http:\/\/www.textix.net\/wpv3\/wp-content\/uploads\/2022\/04\/Murha-hk-ja-et.png\" alt=\"\" width=\"762\" height=\"512\" srcset=\"https:\/\/www.textix.net\/wpv3\/wp-content\/uploads\/2022\/04\/Murha-hk-ja-et.png 1068w, https:\/\/www.textix.net\/wpv3\/wp-content\/uploads\/2022\/04\/Murha-hk-ja-et-300x202.png 300w, https:\/\/www.textix.net\/wpv3\/wp-content\/uploads\/2022\/04\/Murha-hk-ja-et-1024x688.png 1024w\" sizes=\"(max-width: 762px) 100vw, 762px\" \/><\/a><\/p>\r\n<!-- \/wp:paragraph -->\r\n\r\n<!-- wp:paragraph -->\r\n<p><em>Murha hoitokodissa, Enkelten talo ja Viimeinen viesti esitell\u00e4\u00e4n kohdassa <span style=\"color: #0000ff;\"><a style=\"color: #0000ff;\" href=\"http:\/\/www.textix.net\/wpv3\/?page_id=564\">Kirjojen esittely<\/a><\/span>.<\/em><\/p>\r\n<p><strong>Juuri ilmestynyt<\/strong><\/p>\r\n<!-- \/wp:paragraph -->\r\n\r\n<!-- wp:image {\"id\":600,\"sizeSlug\":\"full\",\"linkDestination\":\"media\"} -->\r\n<figure class=\"wp-block-image size-full\"><\/figure>\r\n<!-- \/wp:image -->\r\n\r\n<!-- wp:paragraph -->\r\n<p><a href=\"http:\/\/www.textix.net\/wpv3\/wp-content\/uploads\/2022\/04\/VIIMEINEN-VIESTI.png\"><img loading=\"lazy\" decoding=\"async\" class=\"alignnone wp-image-891\" src=\"http:\/\/www.textix.net\/wpv3\/wp-content\/uploads\/2022\/04\/VIIMEINEN-VIESTI.png\" alt=\"\" width=\"351\" height=\"520\" srcset=\"https:\/\/www.textix.net\/wpv3\/wp-content\/uploads\/2022\/04\/VIIMEINEN-VIESTI.png 772w, https:\/\/www.textix.net\/wpv3\/wp-content\/uploads\/2022\/04\/VIIMEINEN-VIESTI-203x300.png 203w, https:\/\/www.textix.net\/wpv3\/wp-content\/uploads\/2022\/04\/VIIMEINEN-VIESTI-692x1024.png 692w\" sizes=\"(max-width: 351px) 100vw, 351px\" \/><\/a><\/p>\r\n<p>&nbsp;<\/p>\r\n<!-- \/wp:paragraph -->\r\n\r\n<!-- wp:image {\"id\":604,\"width\":820,\"height\":787,\"sizeSlug\":\"full\",\"linkDestination\":\"media\"} -->\r\n<figure class=\"wp-block-image size-full is-resized\"><\/figure>\r\n<!-- \/wp:image -->\r\n\r\n<!-- wp:paragraph -->\r\n<p>&nbsp;<\/p>","protected":false},"excerpt":{"rendered":"<p>Uusi kustantamo Textix Kustannus on aloittanut hyvien, helppolukuisten kirjojen kustantamisen. Ensimm\u00e4isin\u00e4 ovat ilmestyneet kirjat Miekan suojelija, Naisten talo ja Murha Fiskarsissa. \u00c4skett\u00e4in on ilmestynyt kaksi kirjaa lis\u00e4\u00e4: Enkelten talo ja Murha hoitokodissa. Lis\u00e4\u00e4 hyvi\u00e4 kirjoja on tulossa! Julkaisemme kirjoja, joita itse haluamme lukea! Lyhyesti: kirjojemme parissa on helppo viihty\u00e4. Valikoimissamme on romaaneja, dekkareita ja fantasiaa [&hellip;]<\/p>\n","protected":false},"author":3,"featured_media":0,"parent":0,"menu_order":0,"comment_status":"closed","ping_status":"closed","template":"","meta":{"footnotes":""},"_links":{"self":[{"href":"https:\/\/www.textix.net\/index.php?rest_route=\/wp\/v2\/pages\/872"}],"collection":[{"href":"https:\/\/www.textix.net\/index.php?rest_route=\/wp\/v2\/pages"}],"about":[{"href":"https:\/\/www.textix.net\/index.php?rest_route=\/wp\/v2\/types\/page"}],"author":[{"embeddable":true,"href":"https:\/\/www.textix.net\/index.php?rest_route=\/wp\/v2\/users\/3"}],"replies":[{"embeddable":true,"href":"https:\/\/www.textix.net\/index.php?rest_route=%2Fwp%2Fv2%2Fcomments&post=872"}],"version-history":[{"count":12,"href":"https:\/\/www.textix.net\/index.php?rest_route=\/wp\/v2\/pages\/872\/revisions"}],"predecessor-version":[{"id":905,"href":"https:\/\/www.textix.net\/index.php?rest_route=\/wp\/v2\/pages\/872\/revisions\/905"}],"wp:attachment":[{"href":"https:\/\/www.textix.net\/index.php?rest_route=%2Fwp%2Fv2%2Fmedia&parent=872"}],"curies":[{"name":"wp","href":"https:\/\/api.w.org\/{rel}","templated":true}]}}